-8470. What is the remainder when 7148 is divided by s?
12
Let j = -24 - -30. Let t be 225/j*((-20)/(-12) - -1). Let p = t - 51. What is the remainder when p is divided by 10?
9
Suppose -6*y + 10*y + 2*c = 200, -5*c - 186 = -4*y. Let d = 851 + -365. What is the remainder when d is divided by y?
45
Suppose 83 = -18*h + 11. Calculate the remainder when 171 is divided by (h/(-3) - 2)*-66.
39
Suppose 4*t = 5*f - 10, 4*t + 4 = 3*f - 2. Suppose 6*n - f*n = 88. What is the remainder when n is divided by (-2)/(50/275 + (-48)/143)?
9
Let z be (12/(-15))/((-4)/180). Suppose -3 = c, 4*c + 466 = 5*l - z. Suppose 0 = -2*u - 5*u + l. What is the remainder when 68 is divided by u?
12
Let s(l) = l**3 - 25*l**2 - 51*l - 31. What is the remainder when 2944 is divided by s(27)?
44
Suppose 0 = 95*a - 76164 + 18499. What is the remainder when a is divided by 65?
22
Suppose -3*s = c - 18, 0 = 5*c + 4*s - 19 - 49. Let p = 2 + -2. Let b = c - p. Calculate the remainder when 23 is divided by b.
11
Suppose 0 = 2*j - 8*v + 7*v - 6, 0 = -5*v - 10. Suppose -4*a - j*h = 44 - 128, 4*a + 5*h = 78. What is the remainder when 129 is divided by a?
19
Suppose -10*s + 2 = -8*s, 2*s = -5*f + 1557. What is the remainder when f is divided by 54?
41
Let l(b) = 15*b + 13. Suppose 3*w + 8 = -10. Let t be l(w). What is the remainder when ((5 - 0) + 2)/((-11)/t) is divided by 14?
7
Suppose -25 = -4*k + 5*r + 22, 0 = r - 1. Let p(w) = 9*w**2 + 2*w - 7. Let t be p(-4). Suppose 2*c + 27 = t. What is the remainder when c is divided by k?
12
Suppose 766 = -54*q + 56*q. Suppose -3*w = 5*r - q - 224, -4*w + 611 = 5*r. What is the remainder when r is divided by 42?
35
Let g = -19491 - -19568. Calculate the remainder when g is divided by 20.
17
Suppose -4*m + 0 = -12, -t + 192 = -m. Let d = -192 + t. What is the remainder when 28 is divided by d?
1
Suppose -16*j - 14*j + 1483 + 347 = 0. Calculate the remainder when 375 is divided by j.
9
Let g(d) = 4*d**3 - 17*d + 58. What is the remainder when g(4) is divided by 3?
0
Suppose 0 = 2*m + 3 - 15. Let y(b) = -4*b + 19. Calculate the remainder when y(-17) is divided by m.
3
Suppose 214 = 4*g + 78. Suppose 6*x = 160 - g. Let c = 18 - 10. Calculate the remainder when x is divided by c.
5
Let u(i) = -i**3 + i**2 - i + 2. Let x = 2 + -4. Suppose -60*z + 3488 = 64*z + 16. Calculate the remainder when z is divided by u(x).
12
Let j = 49 - 29. Suppose -77*n = 42*n - 1386 + 315. Calculate the remainder when j is divided by n.
2
Let d be 23/(-69) - 11/3. What is the remainder when 127 is divided by (-1 - (-3 - d) - -5) + 13?
15
Suppose -5 = -l - x, -3*l + 0*l - 2*x = -13. Suppose -9 = l*k - 18. Calculate the remainder when (k/6)/(2/284) is divided by 18.
17
Suppose 18*x = 17*x + 23. Let w(b) = -b + 14. Let j(p) = 8. Let o(a) = 5*j(a) - 2*w(a). What is the remainder when x is divided by o(-2)?
7
Let g be (5 - 207/45) + (-13)/(-5). Calculate the remainder when 201 is divided by (0 - (g - 0))/((-6)/206).
98
Suppose 186 = k + 176. Let x(h) = -36*h**3 - h - 1. Let t = -23 + 22. What is the remainder when x(t) is divided by k?
6
Suppose m + 32*x - 52 = 30*x, x + 199 = 4*m. Suppose -5*v + 0*v = -45. Calculate the remainder when m is divided by v.
5
Let p = -4393 + 5047. What is the remainder when p is divided by 13?
4
What is the remainder when 15382 is divided by (-3 + 374/4)/(1 + 11/(-22))?
178
Let t = -5814 - -5852. Calculate the remainder when 82 is divided by t.
6
Suppose -2 = -3*m + b - 5*b, -26 = -3*m + 2*b. Suppose -6*q = -4*q - m. Suppose -244 = -q*n + 29. Calculate the remainder when n is divided by 23.
22
Suppose 5*l - 29 - 46 = 0. Let g be (-236)/12*(-66)/11. Suppose -32*u = -33*u + g. Calculate the remainder when u is divided by l.
13
Suppose 4524 = 147*i - 62*i + 89*i. Calculate the remainder when 254 is divided by i.
20
Let u(g) = -g**2 + 7*g + 1. Let b be u(6). Suppose b*l = -159 + 404. What is the remainder when 64 is divided by l?
29
Suppose -5*b - 16 = -46. Suppose b*d = 5*d + 3. What is the remainder when 6/(-2)*(-94)/d is divided by 19?
18
Let v be 8/12 + -1*8/12. Suppose 5*d - 101 + 11 = 3*j, -2*d + 2*j + 36 = v. Calculate the remainder when 268 is divided by d.
16
Let i(w) = w**3 + w**2 + 1. Let x(u) = -27*u**2 + 23*u + 61. Let a(n) = i(n) + x(n). Let p be a(25). What is the remainder when 2149/28 - 9/p is divided by 40?
36
Suppose 2*s + 2*u = 4558, -s - 19*u + 2275 = -20*u. Calculate the remainder when s is divided by 377.
15
Let c = 7049 - 6254. Calculate the remainder when c is divided by 272.
251
Let q = 30 + -302. Let b = 289 + q. Suppose 325 = 2*k + 3*k. Calculate the remainder when k is divided by b.
14
Let u(r) = -r**3 - 100*r**2 - 69*r - 3199. Calculate the remainder when u(-100) is divided by 103.
96
Let j = -4677 - -4860. Calculate the remainder when 542 is divided by j.
176
Suppose 2*t + 75 = 3*i + 86, 0 = -5*i + 25. Let c(q) = 3*q**2 - 7*q - 8. Let s be c(-7). Calculate the remainder when s/3 - 2/3 is divided by t.
10
Let q = -218 + 244. Let a(c) = c**2 - 24*c - 40. What is the remainder when ((-2)/(-5))/(2/100) is divided by a(q)?
8
Let y = -2284 - -2749. What is the remainder when y is divided by 31?
0
Suppose 0*m + m = -5*m. What is the remainder when 60 is divided by (-1)/((2 + m)*5/(-70))?
4
Let w = -114 + 247. Suppose 5*c + 5*s = 125, -5*c + s - w = -10*c. Calculate the remainder when c is divided by (-33)/22 + 33/2.
12
Suppose 47*j + 23*j - 43*j = 1512. What is the remainder when 1004 is divided by j?
52
Let m = 98 - 99. Let y be (-3)/9*-3 + m. Let g(l) = -11*l + 130. Calculate the remainder when g(y) is divided by 7.
4
Suppose 0 = m - 2*s - 522, -8*m + 3*s = -6*m - 1046. Let a = 541 - m. Calculate the remainder when 282 is divided by a.
12
Let v(f) = f**2 - 9*f + 24. Let a be 0 + (-8)/(-2) - -21. Let n = 35 - a. Calculate the remainder when 66 is divided by v(n).
32
Let r(y) = -y**2 - 34*y - 191. Let i(h) = 3*h**2 + 101*h + 572. Let v(p) = -2*i(p) - 7*r(p). What is the remainder when v(-33) is divided by 11?
6
Suppose 2*g + 96 = 5*g. Let q = 5 + g. What is the remainder when 221 is divided by q?
36
Let m = 109 + -61. Let v = m - 45. Calculate the remainder when 36 is divided by ((-13)/(-3))/(v + 32/(-12)).
10
Suppose 12659 - 2068 = 28*z - 525. Calculate the remainder when z is divided by 57.
55
Calculate the remainder when ((-15)/(-15))/((-5)/(-4345)) is divided by 149.
124
Let a(g) = g**3 + 65*g**2 - 297*g + 395. Calculate the remainder when a(-69) is divided by 62.
46
Let c(h) = 10*h**2 - 22*h + 2. Let y be c(8). Let p = y + -450. What is the remainder when 54 is divided by p?
6
Suppose -c + 43 = 2*t, -t - 1 + 6 = -5*c. Let k be (((-493)/(-4))/(-1))/(12/(-48)). Let l = -394 + k. Calculate the remainder when l is divided by t.
19
Let b = -2464 - -2499. Calculate the remainder when 187 is divided by b.
12
Suppose f + 2*l = 71, -3*l - 114 - 126 = -3*f. Let h = 20 + 0. Suppose x + 2*i - h = -2, 4*i = 2*x - 28. What is the remainder when f is divided by x?
13
What is the remainder when 233 is divided by (2*50)/((-24)/(-30))?
108
Suppose 3*b - 568 = -5*b. Suppose -6*l + 250 = -l. Let n = b - l. What is the remainder when 38 is divided by n?
17
Suppose -32*z - 340 = -30*z. Suppose 0 = 5*l - 4*f + 245, -3*l - 2*l - 3*f - 280 = 0. Let y = l - z. Calculate the remainder when y is divided by 40.
37
Let o = 1655 - 1495. What is the remainder when o is divided by 32?
0
Let l = -23 + 134. Suppose -4*j + l = -621. Let p = -72 + j. Calculate the remainder when p is divided by 38.
35
Suppose -4*x + 179 = -5*v, x - 4*v - 180 = -3*x. Suppose -x = -6*l + 32. Calculate the remainder when 665/(-14)*(-4)/5 is divided by l.
12
Let c(f) = f**3 + 15*f**2 - 56*f - 3. Let p be 12*(12/14)/(20/(-35)). Calculate the remainder when c(p) is divided by 19.
14
Let z = -3518 + 3554. What is the remainder when (6/4)/(6/968) + 2 is divided by z?
28
Let u(o) = -111*o + 1199. What is the remainder when 376 is divided by u(10)?
20
Let a = 214 + -212. Calculate the remainder when (-12)/a - -88 - 0 is divided by 21.
19
Let o = 1229 + 418. Calculate the remainder when o is divided by 184.
175
Suppose -12*m + 284 + 112 = 6*m. What is the remainder when 7544 is divided by m?
20
Let l = 491 + -276. Let y = l - 164. Calculate the remainder when 96 is divided by y.